{"id":72,"date":"2022-06-17T19:14:18","date_gmt":"2022-06-17T19:14:18","guid":{"rendered":"https:\/\/hiltonmendoncaarari.com.br\/?page_id=72"},"modified":"2023-09-08T18:40:27","modified_gmt":"2023-09-08T18:40:27","slug":"legislacao-arariense","status":"publish","type":"page","link":"https:\/\/hiltonmendoncaarari.com.br\/index.php\/legislacao-arariense\/","title":{"rendered":"Legisla\u00e7\u00e3o Arariense"},"content":{"rendered":"<p><span style=\"color: #000080; font-size: 14pt;\">O Decreto que abaixo reproduzo refere-se a data de realiza\u00e7\u00e3o de DUAS FESTAS ARARIENSES: a da Confraterniza\u00e7\u00e3o e a da MELANCIA. Foi editado em 1981, no governo de ex-prefeito DOMINGOS BATALHA.<\/span><\/p>\n<p><img loading=\"lazy\" decoding=\"async\" class=\"wp-image-964 size-large aligncenter\" src=\"https:\/\/hiltonmendoncaarari.com.br\/wp-content\/uploads\/2022\/11\/Melancia-Decreto-1981_page-0001-724x1024.jpg\" alt=\"\" width=\"724\" height=\"1024\" \/><\/p>\n<p style=\"text-align: justify;\"><span style=\"color: #333399;\"><strong>Existe em Arari uma \u00c1rea de Prote\u00e7\u00e3o Ambiental, que fica no exato local em que existiam o Engenho de Pedro Saraiva e a Fazenda de Cipriano Santos, cujo im\u00f3vel n\u00e3o obteve o zelo arariense para manter-se de p\u00e9 como patrim\u00f4nio hist\u00f3rico de Arari. Eis o decreto que criou a APA e fotos do lugar:<\/strong><\/span><\/p>\n<p style=\"text-align: center;\"><img loading=\"lazy\" decoding=\"async\" class=\"alignnone wp-image-406 size-full\" src=\"https:\/\/hiltonmendoncaarari.com.br\/wp-content\/uploads\/2022\/08\/1-1.png\" alt=\"\" width=\"477\" height=\"441\" \/> <img loading=\"lazy\" decoding=\"async\" class=\"alignnone wp-image-407 size-full\" src=\"https:\/\/hiltonmendoncaarari.com.br\/wp-content\/uploads\/2022\/08\/2-2.png\" alt=\"\" width=\"488\" height=\"837\" \/> <img loading=\"lazy\" decoding=\"async\" class=\"alignnone wp-image-408 size-full\" src=\"https:\/\/hiltonmendoncaarari.com.br\/wp-content\/uploads\/2022\/08\/3.png\" alt=\"\" width=\"480\" height=\"555\" \/> <img loading=\"lazy\" decoding=\"async\" class=\"alignnone wp-image-409 size-full\" src=\"https:\/\/hiltonmendoncaarari.com.br\/wp-content\/uploads\/2022\/08\/4.png\" alt=\"\" width=\"496\" height=\"412\" \/><\/p>\n<p>FOTOS 1 e 2<\/p>\n<p><img loading=\"lazy\" decoding=\"async\" class=\"wp-image-411 size-full aligncenter\" src=\"https:\/\/hiltonmendoncaarari.com.br\/wp-content\/uploads\/2022\/08\/Engenho-de-Pedro-Saraiva-copia.jpg\" alt=\"\" width=\"794\" height=\"564\" \/> <img loading=\"lazy\" decoding=\"async\" class=\"wp-image-412 size-full aligncenter\" src=\"https:\/\/hiltonmendoncaarari.com.br\/wp-content\/uploads\/2022\/08\/Foto-Ribeiro-Jr.jpg\" alt=\"\" width=\"700\" height=\"525\" \/><\/p>\n<p><span style=\"color: #000080; font-size: 14pt;\"><strong>Em 2016, fiz essa fotografia da \u00e1rea&#8230; (Hilton)<\/strong><\/span><\/p>\n<p><img loading=\"lazy\" decoding=\"async\" class=\"wp-image-420 size-full aligncenter\" src=\"https:\/\/hiltonmendoncaarari.com.br\/wp-content\/uploads\/2022\/08\/tamanho-500-2016.jpg\" alt=\"\" width=\"500\" height=\"303\" \/><\/p>\n<p>&nbsp;<\/p>\n<p><span style=\"color: #000080; font-size: 14pt;\"><strong>Em 2021, fiz estas fotografias e gravei um v\u00eddeo da APA-Arari, em lament\u00e1vel estado de abandono (Hilton Mendon\u00e7a).<\/strong><\/span><\/p>\n<p style=\"text-align: center;\">\u00a0<img loading=\"lazy\" decoding=\"async\" class=\"alignnone wp-image-418 size-full\" src=\"https:\/\/hiltonmendoncaarari.com.br\/wp-content\/uploads\/2022\/08\/500.jpg\" alt=\"\" width=\"500\" height=\"375\" \/><img loading=\"lazy\" decoding=\"async\" class=\"alignnone wp-image-417 size-full\" src=\"https:\/\/hiltonmendoncaarari.com.br\/wp-content\/uploads\/2022\/08\/500-b.jpg\" alt=\"\" width=\"500\" height=\"375\" \/><\/p>\n<p>&nbsp;<\/p>\n<p>&nbsp;<\/p>\n<p>&nbsp;<\/p>\n","protected":false},"excerpt":{"rendered":"<p>O Decreto que abaixo reproduzo refere-se a data de realiza\u00e7\u00e3o de DUAS FESTAS ARARIENSES: a da Confraterniza\u00e7\u00e3o e a da MELANCIA. Foi editado em 1981, no governo de ex-prefeito DOMINGOS BATALHA. Existe em Arari uma \u00c1rea de Prote\u00e7\u00e3o Ambiental, que<\/p>\n","protected":false},"author":1,"featured_media":0,"parent":0,"menu_order":55,"comment_status":"closed","ping_status":"closed","template":"","meta":{"_uag_custom_page_level_css":"","footnotes":""},"class_list":["post-72","page","type-page","status-publish","hentry"],"aioseo_notices":[],"uagb_featured_image_src":{"full":false,"thumbnail":false,"medium":false,"medium_large":false,"large":false,"1536x1536":false,"2048x2048":false,"featured-blog-large":false,"featured-blog-small":false,"featured-service":false,"featured-recent-work":false},"uagb_author_info":{"display_name":"HMararima","author_link":"https:\/\/hiltonmendoncaarari.com.br\/index.php\/author\/hmararima\/"},"uagb_comment_info":0,"uagb_excerpt":"O Decreto que abaixo reproduzo refere-se a data de realiza\u00e7\u00e3o de DUAS FESTAS ARARIENSES: a da Confraterniza\u00e7\u00e3o e a da MELANCIA. Foi editado em 1981, no governo de ex-prefeito DOMINGOS BATALHA. Existe em Arari uma \u00c1rea de Prote\u00e7\u00e3o Ambiental, que","_links":{"self":[{"href":"https:\/\/hiltonmendoncaarari.com.br\/index.php\/wp-json\/wp\/v2\/pages\/72","targetHints":{"allow":["GET"]}}],"collection":[{"href":"https:\/\/hiltonmendoncaarari.com.br\/index.php\/wp-json\/wp\/v2\/pages"}],"about":[{"href":"https:\/\/hiltonmendoncaarari.com.br\/index.php\/wp-json\/wp\/v2\/types\/page"}],"author":[{"embeddable":true,"href":"https:\/\/hiltonmendoncaarari.com.br\/index.php\/wp-json\/wp\/v2\/users\/1"}],"replies":[{"embeddable":true,"href":"https:\/\/hiltonmendoncaarari.com.br\/index.php\/wp-json\/wp\/v2\/comments?post=72"}],"version-history":[{"count":1,"href":"https:\/\/hiltonmendoncaarari.com.br\/index.php\/wp-json\/wp\/v2\/pages\/72\/revisions"}],"predecessor-version":[{"id":3052,"href":"https:\/\/hiltonmendoncaarari.com.br\/index.php\/wp-json\/wp\/v2\/pages\/72\/revisions\/3052"}],"wp:attachment":[{"href":"https:\/\/hiltonmendoncaarari.com.br\/index.php\/wp-json\/wp\/v2\/media?parent=72"}],"curies":[{"name":"wp","href":"https:\/\/api.w.org\/{rel}","templated":true}]}}

Legislação Arariense

<p><span style="color: #000080; font-size: 14pt;">O Decreto que abaixo reproduzo refere-se a data de realização de DUAS FESTAS ARARIENSES: a da Confraternização e a da MELANCIA. Foi editado em 1981, no governo de ex-prefeito DOMINGOS BATALHA.</span></p>
<p><img loading="lazy" decoding="async" class="wp-image-964 size-large aligncenter" src="https://hiltonmendoncaarari.com.br/wp-content/uploads/2022/11/Melancia-Decreto-1981_page-0001-724x1024.jpg" alt="" width="724" height="1024" /></p>
<p style="text-align: justify;"><span style="color: #333399;"><strong>Existe em Arari uma Área de Proteção Ambiental, que fica no exato local em que existiam o Engenho de Pedro Saraiva e a Fazenda de Cipriano Santos, cujo imóvel não obteve o zelo arariense para manter-se de pé como patrimônio histórico de Arari. Eis o decreto que criou a APA e fotos do lugar:</strong></span></p>
<p style="text-align: center;"><img loading="lazy" decoding="async" class="alignnone wp-image-406 size-full" src="https://hiltonmendoncaarari.com.br/wp-content/uploads/2022/08/1-1.png" alt="" width="477" height="441" /> <img loading="lazy" decoding="async" class="alignnone wp-image-407 size-full" src="https://hiltonmendoncaarari.com.br/wp-content/uploads/2022/08/2-2.png" alt="" width="488" height="837" /> <img loading="lazy" decoding="async" class="alignnone wp-image-408 size-full" src="https://hiltonmendoncaarari.com.br/wp-content/uploads/2022/08/3.png" alt="" width="480" height="555" /> <img loading="lazy" decoding="async" class="alignnone wp-image-409 size-full" src="https://hiltonmendoncaarari.com.br/wp-content/uploads/2022/08/4.png" alt="" width="496" height="412" /></p>
<p>FOTOS 1 e 2</p>
<p><img loading="lazy" decoding="async" class="wp-image-411 size-full aligncenter" src="https://hiltonmendoncaarari.com.br/wp-content/uploads/2022/08/Engenho-de-Pedro-Saraiva-copia.jpg" alt="" width="794" height="564" /> <img loading="lazy" decoding="async" class="wp-image-412 size-full aligncenter" src="https://hiltonmendoncaarari.com.br/wp-content/uploads/2022/08/Foto-Ribeiro-Jr.jpg" alt="" width="700" height="525" /></p>
<p><span style="color: #000080; font-size: 14pt;"><strong>Em 2016, fiz essa fotografia da área&#8230; (Hilton)</strong></span></p>
<p><img loading="lazy" decoding="async" class="wp-image-420 size-full aligncenter" src="https://hiltonmendoncaarari.com.br/wp-content/uploads/2022/08/tamanho-500-2016.jpg" alt="" width="500" height="303" /></p>
<p>&nbsp;</p>
<p><span style="color: #000080; font-size: 14pt;"><strong>Em 2021, fiz estas fotografias e gravei um vídeo da APA-Arari, em lamentável estado de abandono (Hilton Mendonça).</strong></span></p>
<p style="text-align: center;"> <img loading="lazy" decoding="async" class="alignnone wp-image-418 size-full" src="https://hiltonmendoncaarari.com.br/wp-content/uploads/2022/08/500.jpg" alt="" width="500" height="375" /><img loading="lazy" decoding="async" class="alignnone wp-image-417 size-full" src="https://hiltonmendoncaarari.com.br/wp-content/uploads/2022/08/500-b.jpg" alt="" width="500" height="375" /></p>
<p>&nbsp;</p>
<p>&nbsp;</p>
<p>&nbsp;</p>

<p>O Decreto que abaixo reproduzo refere-se a data de realização de DUAS FESTAS ARARIENSES: a da Confraternização e a da MELANCIA. Foi editado em 1981, no governo de ex-prefeito DOMINGOS BATALHA. Existe em Arari uma Área de Proteção Ambiental, que</p>

O Decreto que abaixo reproduzo refere-se a data de realização de DUAS FESTAS ARARIENSES: a da Confraternização e a da MELANCIA. Foi editado em 1981, no governo de ex-prefeito DOMINGOS BATALHA. Existe em Arari uma Área de Proteção Ambiental, que
